{"id":340,"date":"2014-10-21T14:16:38","date_gmt":"2014-10-21T12:16:38","guid":{"rendered":"http:\/\/mb2immobilien.ch\/prestations-de-service\/gerance\/stockwerkeigentum\/"},"modified":"2015-01-27T16:30:35","modified_gmt":"2015-01-27T14:30:35","slug":"propriete-par-etage","status":"publish","type":"page","link":"https:\/\/mb2immobilien.ch\/fr\/prestations-de-service\/gerance\/propriete-par-etage\/","title":{"rendered":"Propri\u00e9t\u00e9 par \u00e9tage"},"content":{"rendered":"<div class=\"entry-content\">\n<p>Nous g\u00e9rons et nous nous occupons des propri\u00e9t\u00e9s par \u00e9tage qui contiennent\u00a0:<\/p>\n<p>\u2013 \u00a0 \u00a0 \u00a0L\u2019entretien des immeubles<br \/>\n\u2013 \u00a0 \u00a0 \u00a0L\u2019acte authentique ou la r\u00e9siliation de propri\u00e9t\u00e9 par \u00e9tage<br \/>\n\u2013 \u00a0 \u00a0 \u00a0La repr\u00e9sentation des propri\u00e9taires par \u00e9tage \u00e0 l\u2019ext\u00e9rieur<br \/>\n\u2013 \u00a0 \u00a0 \u00a0Le budget<br \/>\n\u2013 \u00a0 \u00a0 \u00a0La comptabilit\u00e9 de l\u2019immeuble<br \/>\n\u2013 \u00a0 \u00a0 \u00a0La convocation et la conduite des assembl\u00e9es de propri\u00e9taires par \u00e9tage<\/p>\n<p>\u00c9videmment, nous assurons aussi l\u2019entretien ainsi que les r\u00e9parations de l\u2019immeuble.<\/p>\n<p>De plus, nous nous engageons \u00e0 tout mettre en \u0153uvre pour cr\u00e9er un climat agr\u00e9able\u00a0 entre les propri\u00e9taires par \u00e9tage.<\/p>\n<\/div>\n","protected":false},"excerpt":{"rendered":"<p>Nous g\u00e9rons et nous nous occupons des propri\u00e9t\u00e9s<\/p>\n","protected":false},"author":1,"featured_media":0,"parent":336,"menu_order":0,"comment_status":"closed","ping_status":"closed","template":"","meta":{"_acf_changed":false,"footnotes":""},"class_list":["post-340","page","type-page","status-publish","hentry"],"acf":[],"yoast_head":"<!-- This site is optimized with the Yoast SEO plugin v27.5 - https:\/\/yoast.com\/product\/yoast-seo-wordpress\/ -->\n<title>Propri\u00e9t\u00e9 par \u00e9tage - MB2 Immobilien AG<\/title>\n<meta name=\"robots\" content=\"index, follow, max-snippet:-1, max-image-preview:large, max-video-preview:-1\" \/>\n<link rel=\"canonical\" href=\"https:\/\/mb2immobilien.ch\/fr\/prestations-de-service\/gerance\/propriete-par-etage\/\" \/>\n<meta property=\"og:locale\" content=\"fr_FR\" \/>\n<meta property=\"og:type\" content=\"article\" \/>\n<meta property=\"og:title\" content=\"Propri\u00e9t\u00e9 par \u00e9tage - MB2 Immobilien AG\" \/>\n<meta property=\"og:description\" content=\"Nous g\u00e9rons et nous nous occupons des propri\u00e9t\u00e9s\" \/>\n<meta property=\"og:url\" content=\"https:\/\/mb2immobilien.ch\/fr\/prestations-de-service\/gerance\/propriete-par-etage\/\" \/>\n<meta property=\"og:site_name\" content=\"MB2 Immobilien AG\" \/>\n<meta property=\"article:modified_time\" content=\"2015-01-27T14:30:35+00:00\" \/>\n<meta name=\"twitter:card\" content=\"summary_large_image\" \/>\n<script type=\"application\/ld+json\" class=\"yoast-schema-graph\">{\"@context\":\"https:\\\/\\\/schema.org\",\"@graph\":[{\"@type\":\"WebPage\",\"@id\":\"https:\\\/\\\/mb2immobilien.ch\\\/fr\\\/prestations-de-service\\\/gerance\\\/propriete-par-etage\\\/\",\"url\":\"https:\\\/\\\/mb2immobilien.ch\\\/fr\\\/prestations-de-service\\\/gerance\\\/propriete-par-etage\\\/\",\"name\":\"Propri\u00e9t\u00e9 par \u00e9tage - MB2 Immobilien AG\",\"isPartOf\":{\"@id\":\"https:\\\/\\\/mb2immobilien.ch\\\/#website\"},\"datePublished\":\"2014-10-21T12:16:38+00:00\",\"dateModified\":\"2015-01-27T14:30:35+00:00\",\"breadcrumb\":{\"@id\":\"https:\\\/\\\/mb2immobilien.ch\\\/fr\\\/prestations-de-service\\\/gerance\\\/propriete-par-etage\\\/#breadcrumb\"},\"inLanguage\":\"fr-FR\",\"potentialAction\":[{\"@type\":\"ReadAction\",\"target\":[\"https:\\\/\\\/mb2immobilien.ch\\\/fr\\\/prestations-de-service\\\/gerance\\\/propriete-par-etage\\\/\"]}]},{\"@type\":\"BreadcrumbList\",\"@id\":\"https:\\\/\\\/mb2immobilien.ch\\\/fr\\\/prestations-de-service\\\/gerance\\\/propriete-par-etage\\\/#breadcrumb\",\"itemListElement\":[{\"@type\":\"ListItem\",\"position\":1,\"name\":\"Home\",\"item\":\"https:\\\/\\\/mb2immobilien.ch\\\/fr\\\/\"},{\"@type\":\"ListItem\",\"position\":2,\"name\":\"Prestations de service\",\"item\":\"https:\\\/\\\/mb2immobilien.ch\\\/fr\\\/prestations-de-service\\\/\"},{\"@type\":\"ListItem\",\"position\":3,\"name\":\"Gerance\",\"item\":\"https:\\\/\\\/mb2immobilien.ch\\\/fr\\\/prestations-de-service\\\/gerance\\\/\"},{\"@type\":\"ListItem\",\"position\":4,\"name\":\"Propri\u00e9t\u00e9 par \u00e9tage\"}]},{\"@type\":\"WebSite\",\"@id\":\"https:\\\/\\\/mb2immobilien.ch\\\/#website\",\"url\":\"https:\\\/\\\/mb2immobilien.ch\\\/\",\"name\":\"MB2 Immobilien AG\",\"description\":\"\",\"publisher\":{\"@id\":\"https:\\\/\\\/mb2immobilien.ch\\\/#organization\"},\"potentialAction\":[{\"@type\":\"SearchAction\",\"target\":{\"@type\":\"EntryPoint\",\"urlTemplate\":\"https:\\\/\\\/mb2immobilien.ch\\\/?s={search_term_string}\"},\"query-input\":{\"@type\":\"PropertyValueSpecification\",\"valueRequired\":true,\"valueName\":\"search_term_string\"}}],\"inLanguage\":\"fr-FR\"},{\"@type\":\"Organization\",\"@id\":\"https:\\\/\\\/mb2immobilien.ch\\\/#organization\",\"name\":\"MB2 Immobilien AG\",\"url\":\"https:\\\/\\\/mb2immobilien.ch\\\/\",\"logo\":{\"@type\":\"ImageObject\",\"inLanguage\":\"fr-FR\",\"@id\":\"https:\\\/\\\/mb2immobilien.ch\\\/#\\\/schema\\\/logo\\\/image\\\/\",\"url\":\"https:\\\/\\\/mb2immobilien.ch\\\/wp-content\\\/uploads\\\/2022\\\/06\\\/logo.png\",\"contentUrl\":\"https:\\\/\\\/mb2immobilien.ch\\\/wp-content\\\/uploads\\\/2022\\\/06\\\/logo.png\",\"width\":192,\"height\":90,\"caption\":\"MB2 Immobilien AG\"},\"image\":{\"@id\":\"https:\\\/\\\/mb2immobilien.ch\\\/#\\\/schema\\\/logo\\\/image\\\/\"}}]}<\/script>\n<!-- \/ Yoast SEO plugin. -->","yoast_head_json":{"title":"Propri\u00e9t\u00e9 par \u00e9tage - MB2 Immobilien AG","robots":{"index":"index","follow":"follow","max-snippet":"max-snippet:-1","max-image-preview":"max-image-preview:large","max-video-preview":"max-video-preview:-1"},"canonical":"https:\/\/mb2immobilien.ch\/fr\/prestations-de-service\/gerance\/propriete-par-etage\/","og_locale":"fr_FR","og_type":"article","og_title":"Propri\u00e9t\u00e9 par \u00e9tage - MB2 Immobilien AG","og_description":"Nous g\u00e9rons et nous nous occupons des propri\u00e9t\u00e9s","og_url":"https:\/\/mb2immobilien.ch\/fr\/prestations-de-service\/gerance\/propriete-par-etage\/","og_site_name":"MB2 Immobilien AG","article_modified_time":"2015-01-27T14:30:35+00:00","twitter_card":"summary_large_image","schema":{"@context":"https:\/\/schema.org","@graph":[{"@type":"WebPage","@id":"https:\/\/mb2immobilien.ch\/fr\/prestations-de-service\/gerance\/propriete-par-etage\/","url":"https:\/\/mb2immobilien.ch\/fr\/prestations-de-service\/gerance\/propriete-par-etage\/","name":"Propri\u00e9t\u00e9 par \u00e9tage - MB2 Immobilien AG","isPartOf":{"@id":"https:\/\/mb2immobilien.ch\/#website"},"datePublished":"2014-10-21T12:16:38+00:00","dateModified":"2015-01-27T14:30:35+00:00","breadcrumb":{"@id":"https:\/\/mb2immobilien.ch\/fr\/prestations-de-service\/gerance\/propriete-par-etage\/#breadcrumb"},"inLanguage":"fr-FR","potentialAction":[{"@type":"ReadAction","target":["https:\/\/mb2immobilien.ch\/fr\/prestations-de-service\/gerance\/propriete-par-etage\/"]}]},{"@type":"BreadcrumbList","@id":"https:\/\/mb2immobilien.ch\/fr\/prestations-de-service\/gerance\/propriete-par-etage\/#breadcrumb","itemListElement":[{"@type":"ListItem","position":1,"name":"Home","item":"https:\/\/mb2immobilien.ch\/fr\/"},{"@type":"ListItem","position":2,"name":"Prestations de service","item":"https:\/\/mb2immobilien.ch\/fr\/prestations-de-service\/"},{"@type":"ListItem","position":3,"name":"Gerance","item":"https:\/\/mb2immobilien.ch\/fr\/prestations-de-service\/gerance\/"},{"@type":"ListItem","position":4,"name":"Propri\u00e9t\u00e9 par \u00e9tage"}]},{"@type":"WebSite","@id":"https:\/\/mb2immobilien.ch\/#website","url":"https:\/\/mb2immobilien.ch\/","name":"MB2 Immobilien AG","description":"","publisher":{"@id":"https:\/\/mb2immobilien.ch\/#organization"},"potentialAction":[{"@type":"SearchAction","target":{"@type":"EntryPoint","urlTemplate":"https:\/\/mb2immobilien.ch\/?s={search_term_string}"},"query-input":{"@type":"PropertyValueSpecification","valueRequired":true,"valueName":"search_term_string"}}],"inLanguage":"fr-FR"},{"@type":"Organization","@id":"https:\/\/mb2immobilien.ch\/#organization","name":"MB2 Immobilien AG","url":"https:\/\/mb2immobilien.ch\/","logo":{"@type":"ImageObject","inLanguage":"fr-FR","@id":"https:\/\/mb2immobilien.ch\/#\/schema\/logo\/image\/","url":"https:\/\/mb2immobilien.ch\/wp-content\/uploads\/2022\/06\/logo.png","contentUrl":"https:\/\/mb2immobilien.ch\/wp-content\/uploads\/2022\/06\/logo.png","width":192,"height":90,"caption":"MB2 Immobilien AG"},"image":{"@id":"https:\/\/mb2immobilien.ch\/#\/schema\/logo\/image\/"}}]}},"_links":{"self":[{"href":"https:\/\/mb2immobilien.ch\/fr\/wp-json\/wp\/v2\/pages\/340","targetHints":{"allow":["GET"]}}],"collection":[{"href":"https:\/\/mb2immobilien.ch\/fr\/wp-json\/wp\/v2\/pages"}],"about":[{"href":"https:\/\/mb2immobilien.ch\/fr\/wp-json\/wp\/v2\/types\/page"}],"author":[{"embeddable":true,"href":"https:\/\/mb2immobilien.ch\/fr\/wp-json\/wp\/v2\/users\/1"}],"replies":[{"embeddable":true,"href":"https:\/\/mb2immobilien.ch\/fr\/wp-json\/wp\/v2\/comments?post=340"}],"version-history":[{"count":0,"href":"https:\/\/mb2immobilien.ch\/fr\/wp-json\/wp\/v2\/pages\/340\/revisions"}],"up":[{"embeddable":true,"href":"https:\/\/mb2immobilien.ch\/fr\/wp-json\/wp\/v2\/pages\/336"}],"wp:attachment":[{"href":"https:\/\/mb2immobilien.ch\/fr\/wp-json\/wp\/v2\/media?parent=340"}],"curies":[{"name":"wp","href":"https:\/\/api.w.org\/{rel}","templated":true}]}}

Propriété par étage

<div class="entry-content">
<p>Nous gérons et nous nous occupons des propriétés par étage qui contiennent :</p>
<p>–      L’entretien des immeubles<br />
–      L’acte authentique ou la résiliation de propriété par étage<br />
–      La représentation des propriétaires par étage à l’extérieur<br />
–      Le budget<br />
–      La comptabilité de l’immeuble<br />
–      La convocation et la conduite des assemblées de propriétaires par étage</p>
<p>Évidemment, nous assurons aussi l’entretien ainsi que les réparations de l’immeuble.</p>
<p>De plus, nous nous engageons à tout mettre en œuvre pour créer un climat agréable  entre les propriétaires par étage.</p>
</div>

<p>Nous gérons et nous nous occupons des propriétés</p>

<!-- This site is optimized with the Yoast SEO plugin v27.5 - https://yoast.com/product/yoast-seo-wordpress/ -->
<title>Propriété par étage - MB2 Immobilien AG</title>
<meta name="robots" content="index, follow, max-snippet:-1, max-image-preview:large, max-video-preview:-1" />
<link rel="canonical" href="https://mb2immobilien.ch/fr/prestations-de-service/gerance/propriete-par-etage/" />
<meta property="og:locale" content="fr_FR" />
<meta property="og:type" content="article" />
<meta property="og:title" content="Propriété par étage - MB2 Immobilien AG" />
<meta property="og:description" content="Nous gérons et nous nous occupons des propriétés" />
<meta property="og:url" content="https://mb2immobilien.ch/fr/prestations-de-service/gerance/propriete-par-etage/" />
<meta property="og:site_name" content="MB2 Immobilien AG" />
<meta property="article:modified_time" content="2015-01-27T14:30:35+00:00" />
<meta name="twitter:card" content="summary_large_image" />
<script type="application/ld+json" class="yoast-schema-graph">{"@context":"https:\/\/schema.org","@graph":[{"@type":"WebPage","@id":"https:\/\/mb2immobilien.ch\/fr\/prestations-de-service\/gerance\/propriete-par-etage\/","url":"https:\/\/mb2immobilien.ch\/fr\/prestations-de-service\/gerance\/propriete-par-etage\/","name":"Propriété par étage - MB2 Immobilien AG","isPartOf":{"@id":"https:\/\/mb2immobilien.ch\/#website"},"datePublished":"2014-10-21T12:16:38+00:00","dateModified":"2015-01-27T14:30:35+00:00","breadcrumb":{"@id":"https:\/\/mb2immobilien.ch\/fr\/prestations-de-service\/gerance\/propriete-par-etage\/#breadcrumb"},"inLanguage":"fr-FR","potentialAction":[{"@type":"ReadAction","target":["https:\/\/mb2immobilien.ch\/fr\/prestations-de-service\/gerance\/propriete-par-etage\/"]}]},{"@type":"BreadcrumbList","@id":"https:\/\/mb2immobilien.ch\/fr\/prestations-de-service\/gerance\/propriete-par-etage\/#breadcrumb","itemListElement":[{"@type":"ListItem","position":1,"name":"Home","item":"https:\/\/mb2immobilien.ch\/fr\/"},{"@type":"ListItem","position":2,"name":"Prestations de service","item":"https:\/\/mb2immobilien.ch\/fr\/prestations-de-service\/"},{"@type":"ListItem","position":3,"name":"Gerance","item":"https:\/\/mb2immobilien.ch\/fr\/prestations-de-service\/gerance\/"},{"@type":"ListItem","position":4,"name":"Propriété par étage"}]},{"@type":"WebSite","@id":"https:\/\/mb2immobilien.ch\/#website","url":"https:\/\/mb2immobilien.ch\/","name":"MB2 Immobilien AG","description":"","publisher":{"@id":"https:\/\/mb2immobilien.ch\/#organization"},"potentialAction":[{"@type":"SearchAction","target":{"@type":"EntryPoint","urlTemplate":"https:\/\/mb2immobilien.ch\/?s={search_term_string}"},"query-input":{"@type":"PropertyValueSpecification","valueRequired":true,"valueName":"search_term_string"}}],"inLanguage":"fr-FR"},{"@type":"Organization","@id":"https:\/\/mb2immobilien.ch\/#organization","name":"MB2 Immobilien AG","url":"https:\/\/mb2immobilien.ch\/","logo":{"@type":"ImageObject","inLanguage":"fr-FR","@id":"https:\/\/mb2immobilien.ch\/#\/schema\/logo\/image\/","url":"https:\/\/mb2immobilien.ch\/wp-content\/uploads\/2022\/06\/logo.png","contentUrl":"https:\/\/mb2immobilien.ch\/wp-content\/uploads\/2022\/06\/logo.png","width":192,"height":90,"caption":"MB2 Immobilien AG"},"image":{"@id":"https:\/\/mb2immobilien.ch\/#\/schema\/logo\/image\/"}}]}</script>
<!-- / Yoast SEO plugin. -->

Propriété par étage - MB2 Immobilien AG

Nous gérons et nous nous occupons des propriétés
